11. Is m(-4) a prime number?
True
Let r(t) = -714*t - 4. Let f be r(-6). Let h be 2*1*f/16. Let b = 1166 - h. Is b composite?
False
Let c(p) = -10*p**2 + p - 1. Let j be c(1). Let h = -4 - j. Suppose -r = -h - 1. Is r a composite number?
False
Let x(i) = i - 6. Let q(r) = -r**2 + 2*r - 18. Let d(b) = -2*q(b) + 7*x(b). Let h = 119 - 116. Is d(h) a composite number?
True
Is 25167/4*(-116)/(-87) composite?
False
Let g = 3882 + 421. Is g a prime number?
False
Let x(d) = -d**2 + 27*d + 5. Is x(19) composite?
False
Let g be (-1 - -2) + (-5 - -7). Suppose g*r + 371 - 1262 = 0. Let b = -170 + r. Is b composite?
False
Suppose -45 = -5*r + 2*r. Suppose 0 = -r*k + 17*k - 1052. Is k a composite number?
True
Let y(t) = t**3 - t + 84. Let f be y(0). Suppose 2*n - f = -n. Suppose -n = -6*j + 2*j. Is j a prime number?
True
Let n be 2*(-5 - -1 - -3). Let d be (567/(-18))/(n/24). Suppose m + 5*w = d, -5*m - 3*w + 2009 = 53. Is m a composite number?
True
Suppose -2*i - 6 = 3*p + 3, 12 = -3*p - 3*i. Suppose -k - 225 = -4*k. Let g = k + p. Is g composite?
True
Let k(d) be the first derivative of 33*d**2/2 + 9*d - 9. Let v be k(10). Suppose 2*i - 1161 + v = 0. Is i composite?
True
Suppose 4*d - 5*n = -0*n + 88, d - n - 22 = 0. Let r = d - 18. Suppose -r*s = 5*u - 2199, -u - 4*s + 870 = u. Is u a prime number?
True
Let w(k) = -k**3 - 6*k**2 - k - 7. Let r be w(-6). Let f = r - -4. Is 3 - (-119 + f + -2) a prime number?
False
Let f(z) = 2*z**3 - 25*z**2 - 15*z + 31. Is f(14) composite?
False
Suppose 4*x - 2*x = 1090. Suppose -4*o = -5*m - 119 - 2033, o - x = 3*m. Is o prime?
False
Suppose -2*f = -5*f + 15. Suppose 5*k - 598 = l, 0 = f*k + 3*l - 296 - 290. Is k prime?
False
Is (-27)/18*6490/(-15) a composite number?
True
Let z = 62552 - 40293. Is z a composite number?
False
Let s = 6541 - -3466. Is s composite?
False
Let p be (12/9 - 1)*54. Let n(y) = -30*y - p*y - 20*y + 5 - 19*y. Is n(-8) a prime number?
True
Let f(i) = i - 6*i**2 - 5*i**2 + 11*i - i**3 + 6. Let t be f(-12). Suppose t*q = -716 + 3674. Is q a prime number?
False
Suppose -13*n = -11005 - 28398. Is n a prime number?
False
Suppose l = 26 - 21. Suppose -19988 = -5*x - l*j - 4783, 2*x - 6090 = -4*j. Is x prime?
True
Suppose 2*n = -5*x + 57 + 26, -x - 111 = -4*n. Suppose n = -w - 3. Is (-2 - -1)*-2 - w composite?
True
Let t = -793 - -1756. Suppose 27*l + t = 30*l. Is l a prime number?
False
Suppose -116 + 32 = -6*s. Suppose -s = -t - t. Let i(w) = 19*w - 15. Is i(t) composite?
True
Suppose -34*z = -7939 - 8075. Is z prime?
False
Is 2/(((-12)/(-8805))/(2/5)) a composite number?
False
Let c = 19404 + -11323. Is c a prime number?
True
Suppose 0 = 2*l + 4*l - 318. Is l prime?
True
Suppose -5*p - 4*c - 2 + 25 = 0, 2*c + 2 = 2*p. Suppose p*q - 2662 = 101. Is q a prime number?
False
Let b(n) = -2203*n - 47. Is b(-6) a composite number?
False
Suppose 5*x + 21*b - 20*b - 18291 = 0, 3*b - 7306 = -2*x. Is x a prime number?
True
Let d(o) = 36*o**2 - 5*o - 1. Let x be d(-2). Suppose -2*n = -x - 13. Is n a prime number?
True
Suppose 3*c + 158 + 261 = 2*g, -4*g + 853 = -3*c. Is g a prime number?
False
Let w(r) = 2*r + 35. Let q be w(-16). Suppose -q*c - 3*z = -2*c, c - 5*z = 16. Is ((-27)/18)/(c/(-6236)) composite?
False
Let b = 161 + -81. Let x be b/3 - 6/9. Let s = x + 103. Is s a composite number?
True
Let s(l) = -5*l**3 + l**2 - 1. Let x be s(-1). Suppose -x*n = -4*n - 391. Is n a composite number?
True
Let c be 12215 + (0 - 9/3). Let k be (-8)/36 + c/36. Let i = k + -220. Is i a composite number?
True
Suppose c + r - 5896 = -0*c, -3*c = -3*r - 17670. Suppose 5*b = 4872 + c. Is b prime?
True
Suppose 2*d - 3*k - 3828 = -d, -5*d = -4*k - 6383. Suppose -709 - d = -2*w. Suppose 0 = 12*a - 10*a - w. Is a a composite number?
True
Let h(z) = -19*z**2 + 31*z**2 - 3 + z + 5*z**2. Suppose 15 = -2*p + 5*p. Is h(p) a composite number?
True
Let q be (2 + (-1)/(1 - 3))*-8. Is (-428)/q + 9/15 a composite number?
True
Is (-145)/2*(-826)/35 prime?
False
Let p = 55194 + -39401. Is p prime?
False
Let d be (1 - 0)*(18 - 16). Is (166 + -3)*(3 - d) composite?
False
Let y be (-192)/(-4)*(0 - 213/6). Let q = y + 2395. Is q composite?
False
Let t(z) be the first derivative of -5*z**2/2 + 11*z + 1. Suppose -3*c - 32 = 4*v, c + v + 8 + 2 = 0. Is t(c) a prime number?
False
Let j(b) = -2*b**2 + 10*b - 2330. Let p(c) = -3*c**2 + 11*c - 2329. Let v(i) = -4*j(i) + 3*p(i). Is v(0) a composite number?
False
Let m(v) be the first derivative of v**2 + 2 + 7/3*v**3 - 4*v. Is m(-3) prime?
True
Suppose -2*x + 16 = 5*c, -3*x + 31 + 11 = 3*c. Suppose 2*t = 5*t - x. Suppose 4*b - t*u - 1652 = -2*u, 417 = b - 2*u. Is b composite?
False
Suppose -4*d - 2*q = -524, -5*d = 3*q - 105 - 551. Suppose p = 6*p - 465. Suppose p = g - d. Is g prime?
True
Suppose 2*t = -2*t + 12. Suppose t = 3*d - 12. Suppose 0 = y - d, 0 = -4*r + 4*y + 1901 - 293. Is r a prime number?
False
Suppose 0 = -29*o - 0*o + 524581. Is o prime?
True
Let y(z) = 440*z - 29. Is y(14) prime?
True
Suppose 0 = 5*y + 4*c - 590 - 73, 5*c + 121 = y. Is y composite?
False
Suppose -2 = -v + 4*p, 5*v + 0*p - 3*p - 10 = 0. Let i(t) = 5*t - 6*t**v + 7*t**2 - 3*t. Is i(5) a composite number?
True
Suppose 0 = 99*g - 93*g - 7914. Is g a prime number?
True
Let v = 7 + -7. Suppose -2*c + 0 - 38 = v. Is (c/2)/1*-14 a composite number?
True
Is 36390/(-10)*2/(-3) composite?
True
Let x = -17 - -22. Suppose -x*n + 0*n = -15. Suppose -296 = -g - n*g. Is g composite?
True
Is 5 + (-1*5 - 640544/(-32)) a composite number?
True
Let c(w) = -76*w**2 - 2*w - 7. Let m(d) = 228*d**2 + 5*d + 20. Let j(b) = 17*c(b) + 6*m(b). Is j(3) a prime number?
True
Suppose 5*m = u + 172059, 2*m + 3*u = m + 34399. Is m composite?
True
Suppose 44*m + 261591 = 1133275. Is m composite?
True
Let o(r) = -52*r**3 - 10*r**2 + 5*r + 14. Is o(-3) a composite number?
True
Suppose -7*l + 12663 = -469. Suppose 0 = -5*p + 9*p - l. Is p prime?
False
Suppose 15090 = 34*q - 39*q. Let j = q + 5071. Is j a composite number?
False
Suppose 5*t = -3*s + 2*t + 3, 0 = -s - 2*t - 3. Suppose -l + 3*m = -66 - 331, s*l + 3*m = 1949. Is l a composite number?
True
Let m = 732 - 329. Is m a composite number?
True
Let a(f) = 6*f**3 - 39*f**2 + 11*f - 35. Is a(14) prime?
False
Let a(r) = -6992*r - 5. Is a(-2) prime?
False
Is (-27)/(189/(-70)) + 42579 prime?
True
Suppose -28*k + 25*k = -p + 2494, -5*k = -5*p + 12500. Is p a composite number?
False
Let q = -730 - -7189. Is q a prime number?
False
Let a be (-218 - 1) + (-2 - -2)*1. Let x = 430 + a. Is x composite?
False
Let f(d) = 3249*d**2 - 154*d - 629. Is f(-4) a prime number?
True
Let d be 4/(-20) - 18/10. Let a be 13/(-3) + d/(-6). Let s(p) = -3*p**3 + 3*p**2 + 2*p + 1. Is s(a) composite?
False
Let m(s) = 3559*s + 94. Is m(7) a composite number?
True
Is 1/(-2) + (-15603)/56*-12 a prime number?
True
Suppose o + 110 = 4*l, -3*l + 5*o = l - 118. Suppose -5*d = s - 2*s + l, -2*s - 16 = 4*d. Is 3 + (73*4)/s a composite number?
False
Let l = 5035 + 2487. Is l a composite number?
True
Suppose -m - 4*q + 6 = -q, 0 = -3*m - 3*q + 6. Suppose m = -5*c - 1089 + 9974. Is c prime?
True
Let d = -141 - -155. Suppose 0 = a, z - 5*a - 2 = 2*z. Is (z + d)*(-1)/(-2) prime?
False
Suppose 0 = 2*n - s - 2107, 3*s - 825 = -2*n + 1294. Is n a prime number?
False
Suppose -5*z + 159240 = -9*z. Is (-2)/8 + z/(-40) a composite number?
True
Let c = 734 - -7467. Is c a composite number?
True
Suppose -2*n - 3 + 2 = -3*z, 2*z = -n - 4. Let b be 4 + (-3 + 6)*z. Is 2 - (-116 + -3)*b composite?
True
Let u be (-2)/7 + 306/42. Let v(t) = -u*t - 32*t + 1 - 35*t. Is v(-2) a prime number?
True
Let s(i) = 12*i + 15. Let d be s(-3). Let w = d - -220. Is w prime?
True
Let s(g) = -2 + 6 - 3*g + 4*g**2 + 4 - 1. Let w(t) = -6*t**2 + 5*t - 11. Let l(m) = 8*s(m) + 5*w(m). Is l(-6) composite?
False
Is 534 + 1 - (-2 + 11) prime?
False
Let k(l) = -l + 1. Let y(o) = 304*o + 7. Let m(w) = 5*k(w) - y(w). Is m(-1) a composite number?
False
Let x(o) = 1992*o**3 + 3*o**2 + 3*o - 5. Is x(1) a composite number?
False
Let i = 48 + -45. Is i/(-7) - 1/((-7)/1424) a prime number?
False
Suppose -5*y + 6*y - 9 = 0. Suppose 5*c = y*c - 20. Suppose 1084 = c*d - d. Is d prime?
True
Suppose -4*f - 165634 = -2*k, 3*k + 4*f = 66080 + 182341. Is k a prime number?
True
Let u(x) = -4*x - 7. 